 -6. Let y be (-2 - -1)*(-112 + 0). What is the greatest common divisor of y and f?
16
Let c = -21 + 307. Let p = -202 + c. What is the highest common factor of 56 and p?
28
Let d(g) = 7*g - 47. Let q be d(8). Calculate the greatest common factor of q and 15.
3
Suppose -2*d = 4*c - 3*d + 392, d - 4 = 0. Let q = -27 - c. What is the greatest common factor of q and 14?
14
Suppose 5*i = 2*x + 262 + 345, 0 = -2*i + x + 242. What is the greatest common divisor of i and 41?
41
Let v(u) = u + 7. Let y be v(-6). Let b be (y/2)/((-2)/(-68)). Suppose -5*k - 84 + 679 = 0. What is the greatest common factor of b and k?
17
Suppose 9*s - 13*s + 8 = 0. Let x = 4 - 0. Suppose -x*l + s*l + 40 = 0. What is the greatest common factor of l and 8?
4
Let y be (1*-26)/(5 - 3). Let j = y - -24. What is the greatest common divisor of j and 55?
11
Let v = -937 + 990. What is the greatest common divisor of 1 and v?
1
Let q(r) = r**3 + 4*r**2 - 7*r - 5. Let k be q(-5). Suppose -3*n = -14*n - 77. Let p be 1*(-1 + 0 - 14/n). Calculate the highest common factor of k and p.
1
Suppose 14*a - 640 = -178. Let i = a - 31. Let l be (-3)/((-6)/(-8))*-2. Calculate the highest common divisor of l and i.
2
Let r = 1957 + 957. What is the highest common factor of r and 62?
62
Let w(m) = -485*m - 720. Let i be w(-3). What is the highest common divisor of 70 and i?
35
Let l = -1141 + 1159. Calculate the highest common divisor of 150 and l.
6
Suppose -65 = 4*f + 3*r - 0*r, 3*f = 4*r - 80. Let v = f - -80. Let i = 71 - 51. What is the highest common divisor of v and i?
20
Suppose -15658 = -39*r + 3374. Calculate the highest common factor of r and 24.
8
Let a(k) = -k - 13. Let u be a(-4). Let m = -7 - u. Suppose m*f - 43 + 9 = 0. What is the highest common factor of f and 187?
17
Let b = 34 + -19. Suppose g + 3*g - 5*a + 26 = 0, -5*a = 10. Let z(t) = -2*t - 3. Let q be z(g). Calculate the greatest common factor of b and q.
15
Let z = 124 + -116. What is the highest common factor of 88 and z?
8
Let t(d) = 15*d**3 + d**2 - 1. Let o be t(1). Suppose 0 = w - 1 + 4. Let s(v) = 6*v**2 - 3*v - 3. Let a be s(w). Calculate the highest common factor of a and o.
15
Let v = -9 + 11. Suppose 3 = 3*j, -v*x - 1 = 5*j - 16. Suppose 2*l = -x*s + 105, 4*l - s - 63 = 180. What is the greatest common divisor of 24 and l?
12
Suppose 0 = -g + 2*g - 5*s - 76, 5*s - 470 = -5*g. What is the greatest common divisor of 104 and g?
13
Suppose 194 = -2*t + 6*t - 2*q, 0 = 4*t - 4*q - 188. Let f be 6/5 - 1 - (-14256)/720. Calculate the greatest common divisor of t and f.
10
Suppose 4*n = -0*n + 340. Suppose 5*m = -5*g + n, m = -m - 3*g + 35. Calculate the highest common divisor of 2 and m.
2
Let o = -1743 + 1753. Let j = 35 - 20. What is the highest common factor of o and j?
5
Suppose 16*i - 113 = -1. Calculate the greatest common factor of 203 and i.
7
Let o = 10 - 9. Let g be (1/3)/(o/(-3)) - -10. Calculate the highest common factor of 1 and g.
1
Suppose 5*s - 3 = 22. Suppose 4*l - 3*l - 115 = -g, s*g = 5*l + 625. What is the highest common factor of g and 24?
24
Let w be (6/(-6) - 6)/((-1)/9). Suppose 7*k - 36 = 3*k. What is the greatest common divisor of k and w?
9
Let u = 11 + -7. Let k(r) = 6 - 3 + 1 + u - r. Let c be k(-7). What is the greatest common factor of 60 and c?
15
Let m(r) = -21*r - 25. Let u be m(-5). Let f be (21 - 1)*300/u. Let a(k) = k + 30. Let g be a(0). What is the greatest common divisor of g and f?
15
Let k be (-3)/(-6) - (-2)/(-4). Suppose k = 4*s - n - 174, s + 3*n - 54 = -2*n. Suppose 4*z + 0*z - s = 0. What is the highest common divisor of 99 and z?
11
Suppose -2*f + 4*l = -44, 5*l = -11*f + 12*f - 22. Calculate the highest common divisor of 154 and f.
22
Let y = -1391 + 751. Let p = -361 - y. What is the highest common factor of 31 and p?
31
Suppose 5*r + 5*w - 375 = 0, -4*r + 2*w = -38 - 256. Suppose -9*i = -121 - 212. What is the greatest common factor of r and i?
37
Let i be (-5 - 1)/((-6)/21). Let r = 107 + -47. Let j = r - 57. What is the greatest common factor of j and i?
3
Let s be (-8)/(-4) - (9 + -2) - 3. Let x(c) = -c**3 - 8*c**2 - 5*c - 8. Let o be x(s). What is the highest common divisor of o and 16?
16
Suppose 13*s - 9*s - 52 = 0. Let k = 1 - s. Let x = k - -18. Calculate the greatest common factor of x and 42.
6
Suppose -4*l + 10 = -66. Let b = -1629 - -1838. Calculate the highest common divisor of b and l.
19
Suppose 6*h - 2016 = 4*h. Calculate the greatest common divisor of h and 48.
48
Let p = 459 - 252. What is the greatest common factor of p and 46?
23
Suppose 69*v - 74*v + 2*o = -56, 0 = -v - 3*o + 18. What is the highest common factor of v and 972?
12
Let u(k) = k**3 + 33*k**2 - 111*k - 24. Let v be u(-36). Calculate the greatest common divisor of 308 and v.
28
Suppose q - 4 = p - 5, 5 = 3*p - q. Let a(o) = -2*o**2 - 2*o - 3. Let n be a(-4). Let c = n - -43. Calculate the highest common factor of p and c.
2
Let k(a) = a**2 - 3*a - 1. Let d be k(4). Suppose -3*z + 37 = -u, -u + 4*u + d = 0. Let y = 203 - 119. What is the highest common divisor of y and z?
12
Let c = -23 - -82. Let s = 104 - c. Suppose 0 = -8*w + 4*w + 20. Calculate the highest common divisor of s and w.
5
Let t(r) = -r**3 - 14*r**2 - 16*r - 16. Let h be t(-13). What is the highest common factor of 161 and h?
23
Let q = -9 + 13. Let v(m) = 6*m**2 - 2*m - 12. Let f be v(3). Calculate the greatest common factor of f and q.
4
Let w = -13 - -49. Let i(a) = -a**3 + 11*a**2 - 24. Let m be i(11). Let l = w - m. What is the greatest common factor of l and 10?
10
Suppose 0 = -3*f - t + 12, 7*t - 4*t + 9 = 0. Let k be (20/(-16))/((-2)/40). Calculate the greatest common factor of f and k.
5
Let a be (-6)/39 - 474/(-39). Suppose 3*z + 594 = a*z. What is the greatest common divisor of z and 44?
22
Suppose 29*l - 303 - 1234 = 0. Let j(g) = -80*g - 1. Let f be j(-2). Calculate the greatest common factor of f and l.
53
Let y be (-2)/3*1*-3. Suppose y = -3*f + 44. Calculate the greatest common factor of 7 and f.
7
Suppose -5*s + 5255 = 305. Let x be ((-2)/(-3))/(44/s). Calculate the highest common factor of x and 165.
15
Suppose 6*d + 3*t - 8 = 2*d, 0 = 4*d - 2*t - 28. Suppose 0 = d*m + 5, -x - 6*m + m = -259. Calculate the highest common factor of x and 24.
24
Let g(r) = r**2 + 3*r + 3. Let w be g(0). Let u be 56/7 - (w + -1). Calculate the highest common factor of u and 30.
6
Let u(p) = -p - 1. Let t(w) = -69*w - 10. Let x(l) = -t(l) + 6*u(l). Let r be x(2). What is the greatest common factor of 26 and r?
26
Let c(a) = a**2 - 4*a + 4. Let n be c(5). Let b be 3*(0*(0 + 1) - -3). Calculate the greatest common factor of n and b.
9
Let t(d) = -30*d + 6 + 11*d + 18*d. Let h be t(4). Suppose h*f = 4*f - 24. Calculate the greatest common factor of 132 and f.
12
Suppose -2*i = 3*c + 69, c - 74 = 5*i + 56. Let o = 28 + i. What is the highest common divisor of o and 8?
1
Let x(f) = -f + 32. Let y be x(4). Calculate the greatest common factor of 21 and y.
7
Let p be (-3 - (-14)/3)/(2/6). What is the highest common factor of 205 and p?
5
Suppose 276 = -0*j + 12*j. What is the greatest common divisor of j and 437?
23
Suppose -6*u + 11*u = 0. Suppose -4 + u = 2*a. Let r be 3451/35 - a/5. Calculate the greatest common divisor of r and 11.
11
Let o be (-4)/(-7) + 2178/(-63). Let d = 79 + o. Calculate the highest common factor of 5 and d.
5
Suppose 508 = 3*b + 127. Let u = b - 91. What is the greatest common factor of u and 24?
12
Let u be 180/105*(-14)/(-4). Let x be (-524)/(-22) + u/33. Calculate the highest common factor of x and 6.
6
Let f be (13 + -9)*(-93)/(-4). Suppose 2*k + 153 = 4*p - f, 5*p + 4*k - 288 = 0. Calculate the greatest common divisor of 20 and p.
20
Let p be 5 - 7 - -4*2. Suppose 25 = 5*o, 0 = -4*d - 0*d - 4*o + 68. Calculate the greatest common divisor of p and d.
6
Let a = -52 + 32. Let p be (6/(-15))/(2/a). Let q = 17 + p. What is the greatest common factor of q and 7?
7
Suppose -3*z - 1 = -16. Suppose o = z*o - 4. Let c(s) = 116*s**3 - 1. Let f be c(o). What is the greatest common divisor of f and 46?
23
Let d = 136 - 238. Let o = -96 - d. What is the greatest common divisor of o and 42?
6
Suppose -3*k + 11 = r, -r + 5*k + 0 = 13. Let p be (r + 1)*6/(-9) - -16. Calculate the highest common divisor of p and 